5)/126). Suppose 4*k + 0*v - 4*v = 160, 2*v = 4. What is the highest common factor of k and l?
42
Let c be (-1)/(4 - (-52)/(-12)). Let z(f) = -f**2 + 23*f + 51. Let x be z(23). What is the greatest common factor of x and c?
3
Suppose -l - 4*l - 3*z + 28178 = 0, -22537 = -4*l + 3*z. What is the greatest common divisor of 115 and l?
115
Suppose n + 0*n = -2*h - 21, 0 = 3*h - 6. Let r(i) = -i**3 - 22*i**2 + 55*i - 108. Let c be r(n). What is the highest common divisor of c and 49?
49
Let g(v) = -30*v. Suppose -6 = -3*m - 30. Let j be g(m). Suppose -12*l + 2*w + 34 = -10*l, 0 = 4*l + 4*w - 12. What is the highest common factor of j and l?
10
Suppose 5*z + 19 = 4*l - 3*l, 2*l = -2*z + 2. Let v be ((-53)/2)/(l/(-16)). Calculate the highest common factor of v and 159.
53
Let c be (19 - (14 + 2))*(-51)/(-9). What is the highest common divisor of 19091 and c?
17
Suppose -529*x = -264*x - 303*x + 1254. Calculate the highest common factor of x and 143.
11
Let a = -16 + 14. Let j be 17 - (5 + a) - 3. Let k(t) = 10*t**2 - 2*t - 1. Let u be k(-1). What is the greatest common divisor of u and j?
11
Suppose -1026 = 258*r - 315*r. Calculate the greatest common factor of 18477 and r.
9
Suppose 5*s - d - 216 = 0, 13*s - 144 = 10*s - 3*d. Calculate the highest common factor of s and 275.
11
Suppose 5*l - u = -145 + 418, -3*u = 4*l - 226. Calculate the greatest common factor of l and 11.
11
Let k(r) = r**3 + 6*r**2 - 45*r + 35. Let x be k(4). Calculate the greatest common factor of 1560 and x.
15
Suppose 2*f = -57*t + 52*t + 120, 0 = 2*t - 4*f - 24. Suppose 3*z - 1077 = 573. Calculate the highest common divisor of t and z.
22
Suppose -2*s - 11*s = -2925. Suppose -725 = -10*x - s. What is the highest common factor of 5 and x?
5
Let p(u) = -u**3 + 2*u**2 - 5*u - 14. Let d be p(6). Let j = 283 + d. Calculate the highest common factor of j and 19.
19
Let u(b) = -2*b**2 + 63*b + 19835. Let m be u(-85). Suppose 4*c + 0*c = 2580. Calculate the greatest common factor of m and c.
15
Let c(x) = 10*x**2 - 16*x - 178. Let l be c(-5). What is the highest common factor of l and 1387?
19
Let j(u) = 20*u**2 - 56*u + 100. Let f be j(-11). What is the highest common divisor of 64 and f?
64
Suppose -4*t = -3*t + 13. Let z be 2/(-6)*t/(78/4572). Suppose 4*k = -8, 0 = -u + 3*u + 2*k - z. Calculate the highest common divisor of u and 86.
43
Suppose 618 = 3*w - 3*d, 0 = -0*w + 3*w + 5*d - 594. Let l = -194 + w. What is the highest common divisor of l and 117?
9
Let b be 1190/255*((-1053)/(-6))/3. What is the highest common divisor of 1183 and b?
91
Let g be (-2600)/(-975)*(-2 - 6535/(-2)). Calculate the highest common divisor of g and 28.
28
Suppose 0*j - 108 = -9*j. Suppose -10*u + j*u - 3*z - 8 = 0, 5*z = -4*u - 6. Calculate the highest common divisor of u and 20.
1
Let g(v) = 2*v**2 - 22*v - 63. Let j be g(-3). Let b(f) = f**3 - 19*f**2 - 41*f - 5. Let m be b(j). What is the highest common divisor of 24 and m?
8
Let o(z) = -230*z**3 - 40*z**2 - 45*z - 5. Let d be o(-1). What is the greatest common divisor of 1334 and d?
46
Let k(f) = f**2 - 4*f + 2. Let t be k(0). Let c be 6 + -2 + t + 33. Calculate the highest common divisor of 91 and c.
13
Suppose -3*w - 3*m - 5 = 2*m, -4*m = 2*w + 6. Suppose -72 + 107 = w*l. Let b = -6 - -34. Calculate the highest common divisor of l and b.
7
Let d(t) = t**2 - 17*t - 16. Let m = 111 - 93. Let i be d(m). Suppose 4*s - 38 = 2*s + i*p, 11 = s - 5*p. Calculate the greatest common divisor of 21 and s.
21
Suppose 0 = -5*m - w + 4262 - 59, w = 4*m - 3357. Suppose 35 = p - 0*p. Calculate the highest common divisor of p and m.
35
Let t = 181893 + -181757. Let u be 17*(0 + 1 + 11). What is the highest common factor of t and u?
68
Let q(o) = -4 - 1 + 18*o - o**2 + 12 + 16. Let u be q(14). What is the highest common factor of 711 and u?
79
Let q = 5 + -265. Let d = -186 - q. What is the highest common factor of 740 and d?
74
Let l(h) = -h**2 + 27*h + 813. Let y be l(-18). What is the highest common divisor of y and 738?
3
Suppose 4*g - 2 = 6*g. Let f be -3 + g - (-28 - -4). Let w be 2*(-2)/(f/(-105)). What is the highest common divisor of w and 3?
3
Let j = 3231 - 528. What is the greatest common factor of j and 17?
17
Let m = -226 - -511. Let l = -171 + m. What is the greatest common divisor of 6 and l?
6
Suppose 845 = 4*g + 741. Suppose 0 = 24*k - g*k + 180. What is the greatest common divisor of k and 90?
90
Let m(f) = 160*f - 64. Let t be m(12). What is the greatest common factor of 64 and t?
64
Suppose -8523*q + 8525*q + z = 23, -4*q = -4*z - 4. Let r(f) = f**2 + 2*f - 7. Let x be r(-7). What is the greatest common divisor of q and x?
4
Suppose 2*g + 4*i - 86 = 106, i - 398 = -4*g. Let o be -4*(-16 - (0 - (-1 - -7))). What is the greatest common divisor of g and o?
20
Let d = 9 - -81. Calculate the greatest common divisor of 693 and d.
9
Let y(c) = c**3 - 10*c**2 - 9*c - 18. Let n be y(11). Let t be (3 + n + 38)*5. What is the highest common divisor of t and 25?
25
Let y(p) = p**3 + 14*p**2 + 27*p + 26. Let k be y(-11). Suppose -c + 7 = -8. Let m be (84/c + -1)*5. What is the greatest common factor of k and m?
23
Let x = 135 + -96. Suppose -l = -5492*p + 5497*p - 1550, 4*p = 2*l + 1268. What is the highest common factor of p and x?
39
Let k = 26 - -33. Suppose -k = 6*s - 707. Suppose -60 = -23*v + 216. What is the highest common factor of v and s?
12
Let x(o) = -45*o - 1. Let i be x(-1). Let w(f) = -f**3 - 67*f**2 - 514*f + 475. Let z be w(-58). What is the highest common factor of i and z?
11
Suppose 18 = 2*n + 12. Suppose 11 = 2*m + n*q - 10, 3*m - q = 4. What is the highest common divisor of m and 16?
1
Let a(c) = 47*c**2 - 5*c - 3. Let q be a(-1). Let o(f) = -f**2 + 16*f - 13. Let n be o(12). Calculate the greatest common factor of q and n.
7
Suppose 323 = 4*h + v, 25*h + 239 = 28*h + 4*v. Let a be ((-1)/2*-9)/((-21)/(-4158)). What is the highest common divisor of h and a?
81
Suppose -3*f + 3 = t, -4*t + 3*f = 5 - 17. Suppose -t*y - 3*k = -288, -10 - 190 = -2*y + 2*k. What is the greatest common factor of 14 and y?
14
Let w(j) = j**3 - 3*j**2 - 28*j + 11. Let u be w(-4). Suppose -12*b + 11*b = 13. Let x = 24 + b. What is the highest common factor of u and x?
11
Let d(a) = -a**2 - 30*a + 97. Let p be d(-33). Let r be 45882/153 + (p - 144/(-68)). Calculate the greatest common divisor of r and 40.
20
Let m(x) = 103*x - 73. Let q be m(4). Let b = q + -292. What is the highest common divisor of 47 and b?
47
Let m be 4/6 - 309/(-9). Let d(y) = y**3 + 4*y**2 + 4*y + 2. Let w be d(-4). Let f be (2 + -3)/(1/w). Calculate the greatest common factor of f and m.
7
Let d be 447*(-14)/(-42) - 11. What is the greatest common factor of 14352 and d?
138
Suppose -801800 = -181*a + 167636. Calculate the greatest common factor of 52 and a.
52
Let z(c) = 2*c**2 - 65*c + 42. Let v be z(32). Let u be (9 + (-147)/14)/((-1)/v). What is the greatest common divisor of 105 and u?
15
Suppose -154 = -2*h + 9*h. Let y(p) = -p**2 - 29*p - 120. Let a be y(h). Calculate the greatest common divisor of 6 and a.
2
Suppose 75 = -5*v - c, 3*v - 5*c + 13 = -4. Let s = 1 - -33. Let l be (-90)/v - (s/14 - 3). Calculate the highest common divisor of l and 28.
7
Let u(k) = -283*k - 1020. Let v be u(-4). What is the greatest common factor of v and 24?
8
Let k = -1370 - -1510. Suppose 5*a = 4*u + 366, 3*u - 66 = -a + 2*u. Suppose -2*x = 3*x - a. What is the greatest common divisor of x and k?
14
Suppose -6*z + 8*z - 5*b - 2054 = 0, 5*z - 5162 = -b. Calculate the highest common factor of z and 132.
12
Let r = 4868 + -4764. Calculate the highest common divisor of r and 637.
13
Let s = -6 - -8. Suppose l - s = -0*l. Let d(c) = -1663*c - 4987. Let f be d(-3). What is the highest common factor of f and l?
2
Suppose -5*q = -y, -2*q = -2*y - q. Suppose 4*u - 3 - 57 = y. Suppose 5*h + i = 38 + u, i = 5*h - 47. What is the highest common divisor of 2 and h?
2
Let x(h) = -8*h + 31. Let r be x(-7). Let f = 98 - 153. Let t = r + f. What is the highest common divisor of 24 and t?
8
Suppose p = -5, 0 = q - 0*q - 5*p - 29. Suppose -3*b + 102 = 14*b. Calculate the greatest common factor of q and b.
2
Let k = 11 + 125. Let t(x) = -87*x - 2. Let w be t(-1). Suppose 4*z = -z + w. Calculate the highest common 